rime factors of 144903?
3, 11, 4391
What are the prime factors of 268117?
197, 1361
What are the prime factors of 3822685?
5, 67, 11411
List the prime factors of 173154.
2, 3, 28859
List the prime factors of 1545234.
2, 3, 257539
What are the prime factors of 2500817?
11, 61, 3727
List the prime factors of 10939167.
3, 1215463
What are the prime factors of 2480562?
2, 3, 7, 19687
List the prime factors of 6568591.
6568591
List the prime factors of 4154320.
2, 5, 51929
What are the prime factors of 9689193?
3, 358859
What are the prime factors of 665541?
3, 73, 1013
List the prime factors of 919330.
2, 5, 149, 617
List the prime factors of 73588.
2, 18397
List the prime factors of 792578.
2, 139, 2851
What are the prime factors of 118808?
2, 14851
List the prime factors of 1963414.
2, 981707
What are the prime factors of 5874876?
2, 3, 7, 19, 409
List the prime factors of 146301.
3, 48767
What are the prime factors of 254591?
29, 8779
What are the prime factors of 68811?
3, 22937
What are the prime factors of 12974757?
3, 17, 254407
What are the prime factors of 5393590?
2, 5, 17, 31727
What are the prime factors of 756007?
7, 17, 6353
What are the prime factors of 169101?
3, 6263
What are the prime factors of 4242575?
5, 223, 761
What are the prime factors of 5416?
2, 677
What are the prime factors of 26683421?
17, 83, 18911
List the prime factors of 4897142.
2, 97, 25243
What are the prime factors of 747025?
5, 29881
What are the prime factors of 13399250?
2, 5, 53597
List the prime factors of 9208146.
2, 3, 47, 32653
What are the prime factors of 816865?
5, 7, 23339
What are the prime factors of 4003397?
4003397
List the prime factors of 461170.
2, 5, 107, 431
What are the prime factors of 13080?
2, 3, 5, 109
What are the prime factors of 157353?
3, 7, 59, 127
List the prime factors of 1802145.
3, 5, 317, 379
List the prime factors of 4135007.
53, 61, 1279
What are the prime factors of 7681467?
3, 17, 150617
What are the prime factors of 14742480?
2, 3, 5, 19, 53, 61
What are the prime factors of 397759?
397759
List the prime factors of 6967959.
3, 59, 39367
What are the prime factors of 2846592?
2, 3, 7, 353
List the prime factors of 138428.
2, 34607
List the prime factors of 9253654.
2, 4626827
List the prime factors of 265676.
2, 17, 3907
List the prime factors of 3731443.
3731443
What are the prime factors of 173517?
3, 57839
List the prime factors of 42298.
2, 21149
What are the prime factors of 11953804?
2, 61, 48991
What are the prime factors of 8176472?
2, 1022059
What are the prime factors of 11462554?
2, 5731277
List the prime factors of 1609216.
2, 7, 449
What are the prime factors of 105339?
3, 13, 37, 73
What are the prime factors of 1081301?
13, 83177
List the prime factors of 48347.
13, 3719
What are the prime factors of 323496?
2, 3, 4493
List the prime factors of 143424.
2, 3, 83
List the prime factors of 4166684.
2, 1041671
List the prime factors of 197767.
197767
What are the prime factors of 678330?
2, 3, 5, 7537
List the prime factors of 36302197.
36302197
List the prime factors of 2635270.
2, 5, 11, 23957
List the prime factors of 10591210.
2, 5, 7, 151303
List the prime factors of 207132.
2, 3, 41, 421
What are the prime factors of 719000?
2, 5, 719
List the prime factors of 5532978.
2, 3, 11, 83833
List the prime factors of 1718007.
3, 379, 1511
List the prime factors of 20278.
2, 10139
List the prime factors of 932888.
2, 11, 10601
What are the prime factors of 4566768?
2, 3, 89, 1069
List the prime factors of 2536792.
2, 31, 53, 193
What are the prime factors of 5790760?
2, 5, 71, 2039
What are the prime factors of 1155423?
3, 385141
List the prime factors of 54644.
2, 19, 719
What are the prime factors of 870745?
5, 174149
List the prime factors of 13300315.
5, 7, 54287
List the prime factors of 8376716.
2, 17, 47, 2621
List the prime factors of 7125733.
617, 11549
What are the prime factors of 156086?
2, 7, 11149
What are the prime factors of 796431?
3, 53, 5009
List the prime factors of 2140858.
2, 1070429
List the prime factors of 151714.
2, 31, 2447
What are the prime factors of 24297?
3, 7, 13, 89
List the prime factors of 1357514.
2, 678757
What are the prime factors of 23278630?
2, 5, 47, 49529
What are the prime factors of 469798?
2, 7, 23, 1459
List the prime factors of 4345613.
37, 257, 457
What are the prime factors of 142444?
2, 149, 239
What are the prime factors of 24517212?
2, 3, 2043101
List the prime factors of 3875575.
5, 11, 17, 829
What are the prime factors of 966617?
966617
List the prime factors of 612541.
19, 103, 313
List the prime factors of 79975.
5, 7, 457
List the prime factors of 2358921.
3, 786307
List the prime factors of 37235.
5, 11, 677
What are the prime factors of 544990?
2, 5, 54499
What are the prime factors of 9136779?
3, 3045593
List the prime factors of 195073.
19, 10267
List the prime factors of 267892.
2, 66973
List the prime factors of 4638349.
347, 13367
What are the prime factors of 8124247?
8124247
List the prime factors of 275725.
5, 41, 269
List the prime factors of 118595.
5, 23719
What are the prime factors of 2269181?
2269181
What are the prime factors of 3453981?
3, 1151327
What are the prime factors of 19659331?
59, 333209
What are the prime factors of 700922?
2, 97, 3613
What are the prime factors of 40106?
2, 11, 1823
What are the prime factors of 157772?
2, 39443
What are the prime factors of 7066360?
2, 5, 7, 25237
What are the prime factors of 11353939?
11353939
What are the prime factors of 217487?
79, 2753
List the prime factors of 19663095.
3, 5, 37, 71, 499
What are the prime factors of 4164244?
2, 7, 148723
List the prime factors of 10223394.
2, 3, 1703899
List the prime factors of 140571.
3, 15619
What are the prime factors of 223664?
2, 7, 1997
What are the prime factors of 14951207?
31, 307, 1571
What are the prime factors of 1602410?
2, 5, 23, 6967
What are the prime factors of 277243?
53, 5231
What are the prime factors of 76159?
76159
What are the prime factors of 17515?
5, 31, 113
List the prime factors of 382241.
382241
What are the prime factors of 10324615?
5, 7, 294989
What are the prime factors of 2001753?
3, 13, 1901
What are the prime factors of 207758?
2, 73, 1423
What are the prime factors of 3048972?
2, 3, 23, 11047
What are the prime factors of 311078?
2, 155539
What are the prime factors of 3062728?
2, 311, 1231
What are the prime factors of 951971?
311, 3061
What are the prime factors of 1880532?
2, 3, 52237
What are the prime factors of 795887?
43, 83, 223
What are the prime factors of 770675?
5, 29, 1063
What are the prime factors of 1814445?
3, 5, 61, 661
List the prime factors of 35978.
2, 17989
What are the prime factors of 1303605?
3, 5, 59, 491
What are the prime factors of 50105?
5, 11, 911
List the prime factors of 1578423.
3, 7, 11, 6833
What are the prime factors of 134390?
2, 5, 89, 151
List the prime factors of 415414.
2, 53, 3919
What are the prime factors of 94454?
2, 83, 569
What are the prime factors of 669434?
2, 334717
What are the prime factors of 35584665?
3, 5, 269, 8819
What are the prime factors of 178720?
2, 5, 1117
List the prime factors of 212130.
2, 3, 5, 2357
List the prime factors of 472814.
2, 236407
What are the prime factors of 283423?
7, 19, 2131
List the prime factors of 3756587.
53, 70879
List the prime factors of 507146.
2, 253573
What are the prime factors of 2757762?
2, 3, 7, 43, 509
List the prime factors of 2564411.
19, 139, 971
List the prime factors of 2308575.
3, 5, 30781
What are the prime factors of 2787332?
2, 696833
List the prime factors of 15593767.
7, 599, 3719
List the prime factors of 12817.
7, 1831
List the prime factors of 23378841.
3, 677, 1279
List the prime factors of 7967619.
3, 11, 139, 193
List the prime factors of 6994819.
13, 163, 3301
What are the prime factors of 596900?
2, 5, 47, 127
List the prime factors of 172666.
2, 13, 29, 229
List the prime factors of 227787.
3, 7, 10847
What are the prime factors of 19163236?
2, 41, 116849
List the prime factors of 2911728.
2, 3, 60661
What are the prime factors of 31042?
2, 11, 17, 83
List the prime factors of 156725.
5, 6269
List the prime factors of 145328.
2, 31, 293
List the prime factors of 746560.
2, 5, 2333
What a